et p be -1 + x + w + 158. What is the greatest common divisor of 13 and p?
13
Suppose h + 104 = -4*h + y, 5*h = -y - 96. Let g be (-50)/h*(3/5 + 1). What is the highest common divisor of g and 8?
4
Let s = -4 + 8. Suppose -s*c = 30 - 118. Let i be 12/570*-5 + 5022/57. What is the greatest common factor of c and i?
22
Suppose 75 = 8*r - 5. What is the highest common factor of r and 250?
10
Let v = 673 + -527. Calculate the highest common factor of v and 365.
73
Let j(q) = q**3 - 20*q**2 + q - 22. Let i be j(20). Let x be 282/7 + i*5/35. Calculate the greatest common factor of 20 and x.
20
Let r(v) = 56*v + 60. Let d be r(0). Calculate the greatest common factor of 36 and d.
12
Suppose -t + 4*t = 54. Let l be 302/t + (-4)/(-18). Let f(p) = p**2 + 16*p + 39. Let r be f(-20). Calculate the greatest common factor of r and l.
17
Suppose 92 = 3*g + 20. Let d(q) = -q - 5. Let u be d(-8). What is the highest common factor of u and g?
3
Suppose 2*u - 4 = 4. Let g be ((-24)/u - -3)*32/(-1). Let v = -17 - -29. What is the highest common factor of g and v?
12
Let k(f) = f**3 - 5*f**2 + f - 3. Let x be k(5). Let d be (6 + x)*((0 - -17) + 1). What is the greatest common factor of d and 16?
16
Let r(b) = -b**3 + 9*b**2 + 11. Let c be r(9). Let v be ((-30)/2)/(-5)*(-484)/(-12). Calculate the highest common divisor of v and c.
11
Let p be 19/(76/(-8)) + 9. What is the greatest common factor of p and 1379?
7
Let x be 15 + -11 - 2/1. Let g be 1/x + (-153)/(-2). Suppose -n - 2 + 25 = 4*i, -52 = -5*n + i. Calculate the greatest common divisor of g and n.
11
Suppose -91*p + 960 = 5*p. Suppose 4*r = 6*r - 260. What is the greatest common factor of p and r?
10
Suppose 125 = 5*h + 5*z, 33*z - 34*z = -3. Calculate the greatest common divisor of h and 407.
11
Suppose 5*q + 5*b = -115, -8*q + 4*b = -3*q + 124. Let o be 2/(q/(-30)) - (-1)/2. What is the highest common factor of o and 24?
3
Let j = -3134 + 3143. Suppose 0 = -0*x + 2*x - 54. Calculate the greatest common divisor of j and x.
9
Suppose 4*i - 7 = 5*q, 2*i + 0*q = q + 5. Suppose 2*v - i = 2*l + 1, 0 = 3*v - 9. Calculate the greatest common factor of l and 4.
1
Suppose -18*p = -24*p + 84. Suppose 3*v + 2 = p. Calculate the greatest common factor of v and 44.
4
Let m be 3 + (-14)/(-6 + 4). Suppose 0 = -4*r + m*r - 54. Calculate the greatest common factor of r and 63.
9
Let d be (-14)/6 + (-12)/(-9). Let p be 4/(d/(82/(-4))). Suppose f + 12 - p = -3*v, 120 = 4*v - 4*f. Calculate the highest common divisor of 5 and v.
5
Let n = 975 + -849. Calculate the greatest common factor of 70 and n.
14
Suppose 3 - 4 = 5*l - 3*h, 4*l - 5*h = -6. Let c(v) = 47*v**3 + v. Let j be c(l). What is the greatest common divisor of j and 72?
24
Let c = -134 - -189. What is the greatest common divisor of 4455 and c?
55
Let t(f) = -2*f**2 + 4*f - 3. Let d be t(2). Let u be 3*2/d + 50. What is the greatest common divisor of 16 and u?
16
Let d be 58/5 - 2/(-5). Suppose 0 = 2*m + 4 + d. Let c(u) = -2*u - 2. Let f be c(m). What is the greatest common factor of f and 154?
14
Suppose w + 5*p - 64 = 0, 2*w + 100 = 4*w - 4*p. Calculate the highest common factor of 6 and w.
6
Suppose 0 = -3*x - z + 19, 12*z + 26 = 2*x + 10*z. What is the highest common divisor of 40 and x?
8
Let m = -259 - -280. Let p = -64 + 92. What is the greatest common divisor of p and m?
7
Let h(t) = t**2 + 31*t - 23. Let c be h(-32). Suppose -4*d - 2*a = -10, c*d - 18 = 6*d + 2*a. Calculate the greatest common divisor of d and 36.
4
Let j(i) = 4*i**3 - 12*i**2 + 17*i - 48. Let s be j(6). Calculate the greatest common factor of 6 and s.
6
Let x(j) = -j + 4. Let y be x(3). Let u be 1*(-3 - y) + 8. Suppose -u*t = 5*k - 43, 5*k - t = 29 + 4. Calculate the greatest common divisor of 1 and k.
1
Let b(k) = -k**2 + 6*k + 18. Let d be b(8). Suppose 86 - 16 = d*c. What is the greatest common factor of 35 and c?
35
Let o(b) = 3*b**2 + 35*b - 10. Let w be o(-16). Calculate the greatest common factor of 9 and w.
9
Suppose 3*t + 2*t = -2*b + 24, -5*t - 5*b + 15 = 0. Suppose -1 = -4*w - 5*k, t*w + 4*k = 3*w. Calculate the greatest common divisor of w and 8.
4
Let s(u) = u - 3. Let g be s(6). Suppose -5*r + 5 = -g*i, 4*i - 4 = 7*r - 3*r. Let c be (-482)/(-5) - r/10. Calculate the highest common factor of c and 12.
12
Let i be -8*(-4 - 13/(-2)). Let y = -19 - i. Let c be 2 + (1 - (-13 + y)). Calculate the highest common factor of 3 and c.
3
Suppose -120 = -h - 5*h. Let c(g) = -g + 4. Let w be c(-3). Let x be w*7 + 6 + -5. Calculate the highest common divisor of h and x.
10
Let o be (16/10 + 0)/(16/(-240)). Let r = o + 47. What is the greatest common factor of r and 161?
23
Let l(x) = x**3 - 8*x**2 + 8*x - 4. Let t be l(7). Let h be t/(-4 + (2 - -1)). Let c be 1 + 15 + 6/h. What is the highest common factor of 2 and c?
2
Let v(c) = -c**2 + 8*c - 47. Let h be v(6). Let s = 59 + h. What is the highest common factor of 60 and s?
12
Suppose -2*i - u + 56 = 0, -10*u + 5*u + 46 = i. Calculate the highest common divisor of 24 and i.
2
Let k(w) = -13*w - 274. Let y be k(-22). Calculate the greatest common factor of 900 and y.
12
Let s be 34/8 - 3/12. Suppose 143 = s*r + 5*g, r + 158 = 5*r + 2*g. Let a = -108 - -114. What is the greatest common divisor of a and r?
6
Let s be (6/4)/((-1)/(-2)). Suppose 0 = -12*g + 10*g + 578. Suppose 0 = -s*i + g - 58. What is the greatest common factor of i and 7?
7
Let b = -12 + 13. Let h be 4*(1 + b + 5). Suppose -r - h = -5*r. What is the highest common divisor of r and 7?
7
Suppose -5*v + 0*v + 50 = 0. Suppose 0 = 217*z - 227*z + 800. Calculate the highest common factor of v and z.
10
Let b be 438 + (-1 - 0 - 0) + 5. What is the greatest common divisor of b and 26?
26
Let f(l) = -4*l**2 + 23*l + 135. Let w be f(9). Suppose -4*k - r + 82 = -6*r, 0 = 5*r + 10. What is the greatest common factor of w and k?
18
Let h be 12/42 + (-38)/(-14). Let v be 34/51 + (-2)/h. Suppose 6*y - 127 + 13 = v. What is the highest common divisor of 209 and y?
19
Suppose 8*u = 3*u + 415. Calculate the greatest common divisor of u and 2.
1
Let w be -2*(4/18 + 674/(-36)). Let m = 51 - w. What is the greatest common divisor of m and 21?
7
Let o = -24 + 76. Let j = -134 + 264. What is the highest common divisor of o and j?
26
Let a(f) = -1341*f - 1. Let x be a(-1). Let t be (27 + -2)*(-45)/(-25). Let q be x/t + 4/18. What is the highest common factor of 75 and q?
15
Let r = 9 - 16. Let k be r + 21 + (1 - 4). Let u = 10 + 1. What is the greatest common divisor of u and k?
11
Let i(n) = 2*n**3 - n**2. Let c be i(-1). Let v(d) = 4*d**3 - d - d**2 + 4 - 6*d**3 - 4*d**2. Let x be v(c). Calculate the greatest common factor of x and 32.
16
Suppose -220 = 202*i - 222*i. What is the greatest common factor of i and 341?
11
Suppose 0*a = -3*a + v - 4, 0 = 5*a - v + 8. Let y = 4 + a. Suppose -y*q = 3*q - 20. What is the greatest common divisor of q and 36?
4
Let u(h) = 24*h - 226. Let v be u(10). Let w be 2/(-1)*(-58 + -1). Suppose 5*k + d - w = 0, -d - v = -k + 12. Calculate the highest common factor of 12 and k.
12
Let w = 11 - 9. Let q be 36 + ((-8)/w - 0). What is the highest common factor of q and 4?
4
Let o = 123 + -123. Suppose 0*v = 3*v + 2*f - 204, 5*v + f - 333 = o. Let a(j) = 25*j - 1. Let h be a(4). What is the highest common divisor of h and v?
33
Let f(l) = -25*l + 4. Let b be f(-5). Let o = -90 + b. What is the highest common divisor of o and 13?
13
Suppose r - 22 = 2*f + 8, -r - 5*f - 5 = 0. What is the greatest common divisor of 160 and r?
20
Let z = -601 + 895. Calculate the highest common factor of 6 and z.
6
Suppose 11*s - 14*s = -150. Let x be 2863/5 - 30/s. Calculate the highest common divisor of 52 and x.
52
Let u = 37 - 33. Suppose -619 = -3*o + 4*a - 220, 2*o + u*a = 266. Calculate the highest common factor of o and 38.
19
Suppose 5 = 4*t + 5*j, 2*j = -2*j + 4. Let a = 3 - -7. Suppose t = -4*i - i + a. What is the highest common divisor of i and 1?
1
Let a be ((-216)/(-32) + -7)*-12. Let z(t) = -5*t - 4. Let p be z(-5). What is the highest common factor of p and a?
3
Let v = 31 + -19. Suppose -4*z + 1272 = -2*u, z + 2*u + 0*u = 328. Suppose 0 = v*l - 7*l - z. Calculate the greatest common factor of l and 8.
8
Let b(p) = -2*p + 15. Let n be b(9). Let q(g) = -g**3 - 3*g**2 - 